 359, 1117
List the prime factors of 1978454.
2, 389, 2543
List the prime factors of 12382481.
89, 373
List the prime factors of 3943448.
2, 31, 15901
List the prime factors of 310940.
2, 5, 7, 2221
What are the prime factors of 391281?
3, 11, 71, 167
List the prime factors of 411240.
2, 3, 5, 23, 149
List the prime factors of 136419.
3, 37, 1229
List the prime factors of 401958.
2, 3, 137, 163
List the prime factors of 18266073.
3, 7, 137, 907
What are the prime factors of 2832811?
31, 91381
List the prime factors of 740422.
2, 239, 1549
List the prime factors of 205646.
2, 7, 37, 397
List the prime factors of 100218.
2, 3, 16703
What are the prime factors of 271847?
17, 15991
What are the prime factors of 107119?
107119
List the prime factors of 229388.
2, 57347
What are the prime factors of 9658929?
3, 7, 65707
What are the prime factors of 33254914?
2, 7, 11, 67, 293
List the prime factors of 10508275.
5, 420331
What are the prime factors of 7706767?
37, 208291
List the prime factors of 116009.
116009
List the prime factors of 331530.
2, 3, 5, 43, 257
List the prime factors of 266568.
2, 3, 29, 383
What are the prime factors of 365709?
3, 139, 877
List the prime factors of 1018703.
7, 269, 541
List the prime factors of 2684302.
2, 829, 1619
List the prime factors of 61802.
2, 13, 2377
What are the prime factors of 677239?
677239
List the prime factors of 1517711.
13, 116747
What are the prime factors of 4214598?
2, 3, 702433
List the prime factors of 3874037.
73, 53069
What are the prime factors of 831443?
831443
List the prime factors of 17365542.
2, 3, 349, 8293
List the prime factors of 860802.
2, 3, 143467
List the prime factors of 77860.
2, 5, 17, 229
What are the prime factors of 15315021?
3, 383, 1481
List the prime factors of 215320.
2, 5, 7, 769
What are the prime factors of 2294519?
2294519
What are the prime factors of 459665?
5, 149, 617
List the prime factors of 3248832.
2, 3, 16921
What are the prime factors of 12970825?
5, 7, 19, 47, 83
List the prime factors of 2429694.
2, 3, 347, 389
What are the prime factors of 329608?
2, 41201
List the prime factors of 2053122.
2, 3, 342187
List the prime factors of 31740051.
3, 7, 19, 79549
List the prime factors of 9289943.
13, 233, 3067
What are the prime factors of 2165515?
5, 11, 39373
What are the prime factors of 1991048?
2, 19, 13099
What are the prime factors of 3046687?
7, 317, 1373
List the prime factors of 5820003.
3, 7, 92381
List the prime factors of 5001630.
2, 3, 5, 29, 5749
What are the prime factors of 282815?
5, 13, 19, 229
List the prime factors of 1372575.
3, 5, 18301
What are the prime factors of 3830240?
2, 5, 37, 647
What are the prime factors of 2125464?
2, 3, 11, 83, 97
List the prime factors of 2133662.
2, 19, 56149
What are the prime factors of 7033317?
3, 2344439
What are the prime factors of 213610?
2, 5, 41, 521
List the prime factors of 298320.
2, 3, 5, 11, 113
List the prime factors of 232244.
2, 58061
List the prime factors of 120197.
7, 11, 223
List the prime factors of 800707.
800707
What are the prime factors of 1360962?
2, 3, 31, 271
List the prime factors of 136095.
3, 5, 43, 211
What are the prime factors of 94536?
2, 3, 13, 101
What are the prime factors of 1896166?
2, 23, 41221
List the prime factors of 865597.
865597
What are the prime factors of 2097149?
773, 2713
What are the prime factors of 3983846?
2, 29, 68687
What are the prime factors of 170876?
2, 42719
List the prime factors of 484659.
3, 7, 157
List the prime factors of 373669.
373669
List the prime factors of 2370237.
3, 73, 79, 137
List the prime factors of 1061051.
491, 2161
What are the prime factors of 131207?
179, 733
What are the prime factors of 7487336?
2, 29, 59, 547
What are the prime factors of 6347372?
2, 887, 1789
What are the prime factors of 220767?
3, 73589
List the prime factors of 278632.
2, 29, 1201
List the prime factors of 3982213.
179, 22247
What are the prime factors of 2727978?
2, 3, 11, 41333
List the prime factors of 11593536.
2, 3, 60383
List the prime factors of 168597.
3, 11, 13, 131
List the prime factors of 3894698.
2, 599, 3251
What are the prime factors of 449829?
3, 151, 331
List the prime factors of 3152995.
5, 47, 13417
List the prime factors of 2792567.
199, 14033
List the prime factors of 234369.
3, 26041
List the prime factors of 6171406.
2, 23, 134161
What are the prime factors of 116154?
2, 3, 239
What are the prime factors of 801246?
2, 3, 133541
List the prime factors of 5863.
11, 13, 41
What are the prime factors of 198967?
198967
List the prime factors of 2832478.
2, 11, 128749
List the prime factors of 12211876.
2, 3052969
List the prime factors of 1866073.
11, 17, 587
What are the prime factors of 378460?
2, 5, 127, 149
List the prime factors of 918888.
2, 3, 38287
List the prime factors of 185247.
3, 2287
What are the prime factors of 2852581?
2852581
What are the prime factors of 605887?
605887
What are the prime factors of 100721?
47, 2143
What are the prime factors of 22346764?
2, 11, 46171
List the prime factors of 212822.
2, 106411
What are the prime factors of 933739?
933739
What are the prime factors of 414657?
3, 46073
List the prime factors of 3110116.
2, 17, 45737
List the prime factors of 3552152.
2, 29, 61, 251
What are the prime factors of 427872?
2, 3, 4457
List the prime factors of 9920.
2, 5, 31
List the prime factors of 1479445.
5, 11, 37, 727
List the prime factors of 1163048.
2, 145381
What are the prime factors of 266232?
2, 3, 11093
What are the prime factors of 17686437?
3, 5895479
What are the prime factors of 590798?
2, 13, 31, 733
What are the prime factors of 26419199?
26419199
List the prime factors of 18503964.
2, 3, 19037
List the prime factors of 406236.
2, 3, 97, 349
What are the prime factors of 19812796?
2, 4953199
List the prime factors of 2292027.
3, 19, 79, 509
What are the prime factors of 631713?
3, 43, 59, 83
What are the prime factors of 8839058?
2, 4419529
What are the prime factors of 23708263?
109, 199, 1093
List the prime factors of 1009531.
1009531
List the prime factors of 4324435.
5, 864887
List the prime factors of 5060681.
5060681
List the prime factors of 770033.
11, 70003
List the prime factors of 715573.
31, 41, 563
List the prime factors of 1096869.
3, 59, 6197
What are the prime factors of 13966316?
2, 7, 13, 17, 37, 61
What are the prime factors of 3778974?
2, 3, 23327
List the prime factors of 251050.
2, 5, 5021
What are the prime factors of 2007282?
2, 3, 334547
List the prime factors of 5585130.
2, 3, 5, 62057
What are the prime factors of 1348969?
1103, 1223
What are the prime factors of 10576534?
2, 5288267
List the prime factors of 2424401.
7, 47, 7369
List the prime factors of 9123285.
3, 5, 353, 1723
List the prime factors of 237220.
2, 5, 29, 409
What are the prime factors of 324901?
324901
List the prime factors of 14918997.
3, 4972999
List the prime factors of 270790.
2, 5, 13, 2083
What are the prime factors of 733187?
7, 13, 1151
What are the prime factors of 777847?
7, 111121
List the prime factors of 9224837.
9224837
What are the prime factors of 5666299?
307, 18457
What are the prime factors of 1398353?
11, 127123
What are the prime factors of 3471495?
3, 5, 231433
What are the prime factors of 1347792?
2, 3, 43, 653
List the prime factors of 10285912.
2, 7, 13, 71, 199
List the prime factors of 14830366.
2, 7415183
What are the prime factors of 243569?
373, 653
What are the prime factors of 47063?
19, 2477
What are the prime factors of 237434?
2, 118717
What are the prime factors of 7169192?
2, 23, 47, 829
List the prime factors of 127040.
2, 5, 397
List the prime factors of 10014354.
2, 3, 7, 8831
List the prime factors of 575751.
3, 11, 73, 239
List the prime factors of 12752554.
2, 151, 42227
List the prime factors of 2878494.
2, 3, 479749
List the prime factors of 4159492.
2, 17, 61169
List the prime factors of 39178.
2, 19, 1031
List the prime factors of 5673082.
2, 191, 14851
What are the prime factors of 121852?
2, 41, 743
What are the prime factors of 4319496?
2, 3, 17, 3529
What are the prime factors of 344078?
2, 7, 3511
What are the prime factors of 461562?
2, 3, 43, 1789
List the prime factors of 1424967.
3, 349, 1361
List the prime factors of 3631